{"id":107,"date":"2022-04-01T16:55:40","date_gmt":"2022-04-01T14:55:40","guid":{"rendered":"https:\/\/villalegrandlarge.fr\/mers\/?page_id=107"},"modified":"2026-05-03T17:09:32","modified_gmt":"2026-05-03T15:09:32","slug":"questions-frequentes","status":"publish","type":"page","link":"https:\/\/villalegrandlarge.fr\/mers\/questions-frequentes\/","title":{"rendered":"Questions fr\u00e9quentes"},"content":{"rendered":"<p><span style=\"color: #0b94bf;\"><strong><a style=\"color: #0b94bf;\">\u00c0 quelle distance se trouve la maison de la plage, de la ville\u00a0?<\/a><\/strong><\/span><\/p>\n<p>La Villa se trouve face \u00e0 la mer. Le centre est \u00e0 2 minutes \u00e0 pieds.<\/p>\n<p><span style=\"color: #0b94bf;\"><strong><a style=\"color: #0b94bf;\">Avons-nous besoin d&rsquo;une voiture pour nous d\u00e9placer ?<\/a><\/strong><\/span><\/p>\n<p>Si vous souhaitez ne pas prendre de voiture une fois sur place, c\u2019est possible. Commerces de proximit\u00e9s, Restaurants, Mini Golf, Cin\u00e9ma, Mer, Piscine\u2026se trouvent sur Mers.<\/p>\n<p><span style=\"color: #0b94bf;\"><strong><a style=\"color: #0b94bf;\">O\u00f9 puis-je me garer ?<\/a><\/strong><\/span><\/p>\n<p>Selon la p\u00e9riode, vous pourrez vous garer en face de la Villa, sur le parking de la place et les rues de Mers, ainsi que sur le parking gratuit dit \u00ab\u00a0La Galiote\u00a0\u00bb de 550 places.<\/p>\n<p>Ou dans un garage clos \u00e0 louer en sus. (Nous contacter lors de la r\u00e9servation pour la disponibilit\u00e9)<\/p>\n<p><span style=\"color: #0b94bf;\"><strong><a style=\"color: #0b94bf;\">Comment vous rendre \u00e0 la Villa Le Grand Large ?<\/a><\/strong><\/span><\/p>\n<p>Vous pouvez venir en voiture, en train ou en bus en arrivant \u00e0 la gare \u201cLe Tr\u00e9port \u2013 Mers\u201d qui se situe \u00e0 1 km \u00e0 pied de la villa ou par avion via l\u2019a\u00e9roport de Paris-Beauvais (environ 95 km).<\/p>\n<p><span style=\"color: #0b94bf;\"><strong><a style=\"color: #0b94bf;\">Y a-t-il une caution ?<\/a><\/strong><\/span><\/p>\n<p>Une caution de 300 \u20ac est demand\u00e9e. Il s\u2019agit d\u2019un ch\u00e8que, celui-ci n\u2019est pas d\u00e9bit\u00e9 et restitu\u00e9 \u00e0 la fin de votre s\u00e9jour.<\/p>\n<p><span style=\"color: #0b94bf;\"><strong><a style=\"color: #0b94bf;\">Les Arriv\u00e9es et les D\u00e9parts<\/a><\/strong><\/span><\/p>\n<p>A partir de 15 h, je peux arriver pour m\u2019installer dans la location.<br \/>\nLe jour du d\u00e9part, je dois rendre ma location au plus tard \u00e0 10 h.<\/p>\n<p><span style=\"color: #0b94bf;\"><strong>O\u00f9 se garer gratuitement \u00e0 mers<\/strong><\/span><\/p>\n<p>Le stationnement devient PAYANT \u00e0 Mers-les-Bains pour toute personne ext\u00e9rieure \u00e0 la Station baln\u00e9aire :<\/p>\n<p>\u2022 Tous les jours du 1er Juillet au 1er septembre de 10 \u00e0 20 h.<\/p>\n<p>\u2022 Les week-ends et jours f\u00e9ri\u00e9s du 16 septembre au 14 Juin de 10 \u00e0 20 h.<\/p>\n<p>selon zones, horaires et p\u00e9riodes pr\u00e9cis d\u00e9taill\u00e9s ci-dessous.<\/p>\n<p><strong><span style=\"color: #0b94bf;\"><a style=\"color: #0b94bf;\" href=\"https:\/\/villalegrandlarge.fr\/mers\/wp-content\/uploads\/plan-stationnement-fili.pdf\">Acc\u00e8s au parking gratuit Plan \u00e0 t\u00e9l\u00e9charger ou consulter<\/a><\/span><\/strong><\/p>\n<p>\u25ba Pour les personnes ext\u00e9rieures \u00e0 la commune (visiteur \u00e0 la journ\u00e9e, touriste, vacancier\u2026) ne souhaitant pas s\u2019acquitter du stationnement payant, un parking gratuit proche du c\u0153ur de ville sera propos\u00e9 d\u00e8s le 1er Juin (\u00ab Parking La Galiote \u00bb : voir plan ci-dessous).<\/p>\n<p>QUARTIER BALN\u00c9AIRE : la circulation et le stationnement sont interdits dans les 12 rues perpendiculaires au front de mer pour les ext\u00e9rieurs \u00e0 la commune (voir plan ci-dessous).<\/p>\n<p>ESPLANADE PI\u00c9TONNE : l\u2019esplanade du g\u00e9n\u00e9ral Leclerc, dite \u00ab front de mer \u00bb sera ferm\u00e9e \u00e0 la circulation automobile, donc rendue pi\u00e9tonne, du 1er Juillet au 1er septembre de 11 h \u00e0 01 h du matin, ainsi que lors des grands week-ends.<\/p>\n<p><a href=\"https:\/\/villalegrandlarge.fr\/mers\/questions-frequentes\/img_5156\/\" rel=\"attachment wp-att-1373\"><img alt=\"\" decoding=\"async\" class=\"aligncenter wp-image-1373 size-large\" src=\"https:\/\/villalegrandlarge.fr\/mers\/wp-content\/uploads\/2026\/05\/IMG_5156-668x1024.jpeg\" alt=\"\" width=\"668\" height=\"1024\" srcset=\"https:\/\/villalegrandlarge.fr\/mers\/wp-content\/uploads\/2026\/05\/IMG_5156-668x1024.jpeg 668w, https:\/\/villalegrandlarge.fr\/mers\/wp-content\/uploads\/2026\/05\/IMG_5156-196x300.jpeg 196w, https:\/\/villalegrandlarge.fr\/mers\/wp-content\/uploads\/2026\/05\/IMG_5156-98x150.jpeg 98w, https:\/\/villalegrandlarge.fr\/mers\/wp-content\/uploads\/2026\/05\/IMG_5156.jpeg 725w\" sizes=\"(max-width: 668px) 100vw, 668px\" \/><\/a><\/p>\n<p>&nbsp;<\/p>\n<div id=\"attachment_1197\" style=\"width: 300px\" class=\"wp-caption aligncenter\"><a href=\"https:\/\/villalegrandlarge.fr\/mers\/villa-le-grand-large\/appel-direct_page-0001\/\" rel=\"attachment wp-att-1197\"><img alt=\"\" decoding=\"async\" aria-describedby=\"caption-attachment-1197\" class=\"size-medium wp-image-1197\" src=\"https:\/\/villalegrandlarge.fr\/mers\/wp-content\/uploads\/APPEL-DIRECT_page-0001-300x300.jpg\" alt=\"\" width=\"300\" height=\"300\" srcset=\"https:\/\/villalegrandlarge.fr\/mers\/wp-content\/uploads\/APPEL-DIRECT_page-0001-300x300.jpg 300w, https:\/\/villalegrandlarge.fr\/mers\/wp-content\/uploads\/APPEL-DIRECT_page-0001-150x150.jpg 150w, https:\/\/villalegrandlarge.fr\/mers\/wp-content\/uploads\/APPEL-DIRECT_page-0001-768x768.jpg 768w, https:\/\/villalegrandlarge.fr\/mers\/wp-content\/uploads\/APPEL-DIRECT_page-0001-1024x1024.jpg 1024w, https:\/\/villalegrandlarge.fr\/mers\/wp-content\/uploads\/APPEL-DIRECT_page-0001-1536x1536.jpg 1536w, https:\/\/villalegrandlarge.fr\/mers\/wp-content\/uploads\/APPEL-DIRECT_page-0001-2048x2048.jpg 2048w\" sizes=\"(max-width: 300px) 100vw, 300px\" \/><\/a><p id=\"caption-attachment-1197\" class=\"wp-caption-text\">Appel direct<\/p><\/div>\n<p>&nbsp;<\/p>\n<p><strong>Pour toutes autres questions n&rsquo;h\u00e9sitez pas \u00e0 nous <span style=\"color: #0b94bf;\"><a style=\"color: #0b94bf;\" href=\"https:\/\/villalegrandlarge.fr\/mers\/contact-resa-location-mers\/\">contacter<\/a><\/span>.<\/strong><\/p>\n<div class=\"divider\" style=\"border-color:transparent;padding-top:200px\"><\/div>\n<p>&nbsp;<\/p>\n<p>&nbsp;<\/p>\n<p>&nbsp;<\/p>\n<p>&nbsp;<\/p>\n<p>&nbsp;<\/p>\n<p>&nbsp;<\/p>\n<div id=\"WidgetFloaterPanels\" class=\"LTRStyle\" style=\"display: none; text-align: left; direction: ltr; visibility: hidden;\" translate=\"no\">\n<div id=\"WidgetFloater\" style=\"display: none;\">\n<div id=\"WidgetLogoPanel\"><span id=\"WidgetTranslateWithSpan\">TRANSLATE with <img id=\"FloaterLogo\" \/><\/span> <span id=\"WidgetCloseButton\" title=\"Exit Translation\">x<\/span><\/div>\n<div id=\"LanguageMenuPanel\">\n<div class=\"DDStyle_outer\">\n<p><input id=\"LanguageMenu_svid\" style=\"display: none;\" autocomplete=\"on\" name=\"LanguageMenu_svid\" type=\"text\" value=\"en\" \/> <input id=\"LanguageMenu_textid\" style=\"display: none;\" autocomplete=\"on\" name=\"LanguageMenu_textid\" type=\"text\" \/> <span id=\"__LanguageMenu_header\" class=\"DDStyle\" tabindex=\"0\">English<\/span><\/p>\n<div style=\"position: relative; text-align: left; left: 0;\">\n<div style=\"position: absolute; ;left: 0px;\">\n<div id=\"__LanguageMenu_popup\" class=\"DDStyle\" style=\"display: none;\">\n<table id=\"LanguageMenu\" border=\"0\">\n<tbody>\n<tr>\n<td><a tabindex=\"-1\" href=\"#ar\">Arabic<\/a><\/td>\n<td><a tabindex=\"-1\" href=\"#he\">Hebrew<\/a><\/td>\n<td><a tabindex=\"-1\" href=\"#pl\">Polish<\/a><\/td>\n<\/tr>\n<tr>\n<td><a tabindex=\"-1\" href=\"#bg\">Bulgarian<\/a><\/td>\n<td><a tabindex=\"-1\" href=\"#hi\">Hindi<\/a><\/td>\n<td><a tabindex=\"-1\" href=\"#pt\">Portuguese<\/a><\/td>\n<\/tr>\n<tr>\n<td><a tabindex=\"-1\" href=\"#ca\">Catalan<\/a><\/td>\n<td><a tabindex=\"-1\" href=\"#mww\">Hmong Daw<\/a><\/td>\n<td><a tabindex=\"-1\" href=\"#ro\">Romanian<\/a><\/td>\n<\/tr>\n<tr>\n<td><a tabindex=\"-1\" href=\"#zh-CHS\">Chinese Simplified<\/a><\/td>\n<td><a tabindex=\"-1\" href=\"#hu\">Hungarian<\/a><\/td>\n<td><a tabindex=\"-1\" href=\"#ru\">Russian<\/a><\/td>\n<\/tr>\n<tr>\n<td><a tabindex=\"-1\" href=\"#zh-CHT\">Chinese Traditional<\/a><\/td>\n<td><a tabindex=\"-1\" href=\"#id\">Indonesian<\/a><\/td>\n<td><a tabindex=\"-1\" href=\"#sk\">Slovak<\/a><\/td>\n<\/tr>\n<tr>\n<td><a tabindex=\"-1\" href=\"#cs\">Czech<\/a><\/td>\n<td><a tabindex=\"-1\" href=\"#it\">Italian<\/a><\/td>\n<td><a tabindex=\"-1\" href=\"#sl\">Slovenian<\/a><\/td>\n<\/tr>\n<tr>\n<td><a tabindex=\"-1\" href=\"#da\">Danish<\/a><\/td>\n<td><a tabindex=\"-1\" href=\"#ja\">Japanese<\/a><\/td>\n<td><a tabindex=\"-1\" href=\"#es\">Spanish<\/a><\/td>\n<\/tr>\n<tr>\n<td><a tabindex=\"-1\" href=\"#nl\">Dutch<\/a><\/td>\n<td><a tabindex=\"-1\" href=\"#tlh\">Klingon<\/a><\/td>\n<td><a tabindex=\"-1\" href=\"#sv\">Swedish<\/a><\/td>\n<\/tr>\n<tr>\n<td><a tabindex=\"-1\" href=\"#en\">English<\/a><\/td>\n<td><a tabindex=\"-1\" href=\"#ko\">Korean<\/a><\/td>\n<td><a tabindex=\"-1\" href=\"#th\">Thai<\/a><\/td>\n<\/tr>\n<tr>\n<td><a tabindex=\"-1\" href=\"#et\">Estonian<\/a><\/td>\n<td><a tabindex=\"-1\" href=\"#lv\">Latvian<\/a><\/td>\n<td><a tabindex=\"-1\" href=\"#tr\">Turkish<\/a><\/td>\n<\/tr>\n<tr>\n<td><a tabindex=\"-1\" href=\"#fi\">Finnish<\/a><\/td>\n<td><a tabindex=\"-1\" href=\"#lt\">Lithuanian<\/a><\/td>\n<td><a tabindex=\"-1\" href=\"#uk\">Ukrainian<\/a><\/td>\n<\/tr>\n<tr>\n<td><a tabindex=\"-1\" href=\"#fr\">French<\/a><\/td>\n<td><a tabindex=\"-1\" href=\"#ms\">Malay<\/a><\/td>\n<td><a tabindex=\"-1\" href=\"#ur\">Urdu<\/a><\/td>\n<\/tr>\n<tr>\n<td><a tabindex=\"-1\" href=\"#de\">German<\/a><\/td>\n<td><a tabindex=\"-1\" href=\"#mt\">Maltese<\/a><\/td>\n<td><a tabindex=\"-1\" href=\"#vi\">Vietnamese<\/a><\/td>\n<\/tr>\n<tr>\n<td><a tabindex=\"-1\" href=\"#el\">Greek<\/a><\/td>\n<td><a tabindex=\"-1\" href=\"#no\">Norwegian<\/a><\/td>\n<td><a tabindex=\"-1\" href=\"#cy\">Welsh<\/a><\/td>\n<\/tr>\n<tr>\n<td><a tabindex=\"-1\" href=\"#ht\">Haitian Creole<\/a><\/td>\n<td><a tabindex=\"-1\" href=\"#fa\">Persian<\/a><\/td>\n<td><\/td>\n<\/tr>\n<\/tbody>\n<\/table>\n<p><img style=\"height: 7px; width: 17px; border-width: 0px; left: 20px;\" alt=\"\" \/><\/p>\n<\/div>\n<\/div>\n<\/div>\n<\/div>\n<p><script type=\"text\/javascript\"> var LanguageMenu; var LanguageMenu_keys=[\"ar\",\"bg\",\"ca\",\"zh-CHS\",\"zh-CHT\",\"cs\",\"da\",\"nl\",\"en\",\"et\",\"fi\",\"fr\",\"de\",\"el\",\"ht\",\"he\",\"hi\",\"mww\",\"hu\",\"id\",\"it\",\"ja\",\"tlh\",\"ko\",\"lv\",\"lt\",\"ms\",\"mt\",\"no\",\"fa\",\"pl\",\"pt\",\"ro\",\"ru\",\"sk\",\"sl\",\"es\",\"sv\",\"th\",\"tr\",\"uk\",\"ur\",\"vi\",\"cy\"]; var LanguageMenu_values=[\"Arabic\",\"Bulgarian\",\"Catalan\",\"Chinese Simplified\",\"Chinese Traditional\",\"Czech\",\"Danish\",\"Dutch\",\"English\",\"Estonian\",\"Finnish\",\"French\",\"German\",\"Greek\",\"Haitian Creole\",\"Hebrew\",\"Hindi\",\"Hmong Daw\",\"Hungarian\",\"Indonesian\",\"Italian\",\"Japanese\",\"Klingon\",\"Korean\",\"Latvian\",\"Lithuanian\",\"Malay\",\"Maltese\",\"Norwegian\",\"Persian\",\"Polish\",\"Portuguese\",\"Romanian\",\"Russian\",\"Slovak\",\"Slovenian\",\"Spanish\",\"Swedish\",\"Thai\",\"Turkish\",\"Ukrainian\",\"Urdu\",\"Vietnamese\",\"Welsh\"]; var LanguageMenu_callback=function(){ }; var LanguageMenu_popupid='__LanguageMenu_popup'; <\/script><\/p>\n<\/div>\n<div id=\"CTFLinksPanel\"><span id=\"ExternalLinksPanel\"><a id=\"HelpLink\" title=\"Help\" href=\"https:\/\/go.microsoft.com\/?linkid=9722454\" target=\"_blank\" rel=\"noopener\"> <img id=\"HelpImg\" \/><\/a> <a id=\"EmbedLink\" title=\"Get this widget for your own site\"><\/a> <img id=\"EmbedImg\" \/> <a id=\"ShareLink\" title=\"Share translated page with friends\"><\/a> <img id=\"ShareImg\" \/> <\/span><\/div>\n<div id=\"FloaterProgressBar\"><\/div>\n<\/div>\n<div id=\"WidgetFloaterCollapsed\" style=\"display: none;\">TRANSLATE with <img id=\"CollapsedLogoImg\" \/><\/div>\n<div id=\"FloaterSharePanel\" style=\"display: none;\">\n<div id=\"ShareTextDiv\"><span id=\"ShareTextSpan\"> COPY THE URL BELOW <\/span><\/div>\n<div id=\"ShareTextboxDiv\"><input id=\"ShareTextbox\" name=\"ShareTextbox\" readonly=\"readonly\" type=\"text\" \/> <!--a id=\"TwitterLink\" title=\"Share on Twitter\"> <img id=\"TwitterImg\" \/><\/a> <a-- id=\"FacebookLink\" title=\"Share on Facebook\"> <img id=\"FacebookImg\" \/><\/a--> <a id=\"EmailLink\" title=\"Email this translation\"><\/a> <img id=\"EmailImg\" \/><\/div>\n<div id=\"ShareFooter\"><span id=\"ShareHelpSpan\"><a id=\"ShareHelpLink\"><\/a> <img id=\"ShareHelpImg\" \/><\/span> <span id=\"ShareBackSpan\"><a id=\"ShareBack\" title=\"Back To Translation\"><\/a> Back<\/span><\/div>\n<p><input id=\"EmailSubject\" name=\"EmailSubject\" type=\"hidden\" value=\"Check out this page in {0} translated from {1}\" \/> <input id=\"EmailBody\" name=\"EmailBody\" type=\"hidden\" value=\"Translated: {0}%0d%0aOriginal: {1}%0d%0a%0d%0aAutomatic translation powered by Microsoft\u00ae Translator%0d%0ahttp:\/\/www.bing.com\/translator?ref=MSTWidget\" \/> <input id=\"ShareHelpText\" type=\"hidden\" value=\"This link allows visitors to launch this page and automatically translate it to {0}.\" \/><\/p>\n<\/div>\n<div id=\"FloaterEmbed\" style=\"display: none;\">\n<div id=\"EmbedTextDiv\"><span id=\"EmbedTextSpan\">EMBED THE SNIPPET BELOW IN YOUR SITE<\/span> <a id=\"EmbedHelpLink\" title=\"Copy this code and place it into your HTML.\"><\/a> <img id=\"EmbedHelpImg\" \/><\/div>\n<div id=\"EmbedTextboxDiv\"><input id=\"EmbedSnippetTextBox\" name=\"EmbedSnippetTextBox\" readonly=\"readonly\" type=\"text\" value=\"&lt;div id='MicrosoftTranslatorWidget' class='Dark' style='color:white;background-color:#555555'&gt;&lt;\/div&gt;&lt;script type='text\/javascript'&gt;setTimeout(function(){var s=document.createElement('script');s.type='text\/javascript';s.charset='UTF-8';s.src=((location &amp;&amp; location.href &amp;&amp; location.href.indexOf('https') == 0)?'https:\/\/ssl.microsofttranslator.com':'http:\/\/www.microsofttranslator.com')+'\/ajax\/v3\/WidgetV3.ashx?siteData=ueOIGRSKkd965FeEGM5JtQ**&amp;ctf=true&amp;ui=true&amp;settings=manual&amp;from=en';var p=document.getElementsByTagName('head')[0]||document.documentElement;p.insertBefore(s,p.firstChild); },0);&lt;\/script&gt;\" \/><\/div>\n<div id=\"EmbedNoticeDiv\"><span id=\"EmbedNoticeSpan\">Enable collaborative features and customize widget: <a href=\"http:\/\/www.bing.com\/widget\/translator\" target=\"_blank\" rel=\"noopener\">Bing Webmaster Portal<\/a><\/span><\/div>\n<div id=\"EmbedFooterDiv\"><span id=\"EmbedBackSpan\"><a title=\"Back To Translation\">Back<\/a><\/span><\/div>\n<\/div>\n<p><script type=\"text\/javascript\"> var intervalId = setInterval(function () { if (MtPopUpList) { LanguageMenu = new MtPopUpList(); var langMenu = document.getElementById(LanguageMenu_popupid); var origLangDiv = document.createElement(\"div\"); origLangDiv.id = \"OriginalLanguageDiv\"; origLangDiv.innerHTML = \"<span id='OriginalTextSpan'>ORIGINAL: <\/span><span id='OriginalLanguageSpan'><\/span>\"; langMenu.appendChild(origLangDiv); LanguageMenu.Init('LanguageMenu', LanguageMenu_keys, LanguageMenu_values, LanguageMenu_callback, LanguageMenu_popupid); window[\"LanguageMenu\"] = LanguageMenu; clearInterval(intervalId); } }, 1); <\/script><\/p>\n<\/div>\n","protected":false},"excerpt":{"rendered":"<p>\u00c0 quelle distance se trouve la maison de la plage, de la ville\u00a0? La Villa se trouve face \u00e0 la mer. Le centre est \u00e0 2 minutes \u00e0 pieds. Avons-nous besoin d&rsquo;une voiture pour nous d\u00e9placer ? Si vous souhaitez ne pas prendre de voiture une fois sur place, c\u2019est possible. Commerces de proximit\u00e9s, Restaurants, &#8230;<\/p>\n","protected":false},"author":1,"featured_media":0,"parent":0,"menu_order":8,"comment_status":"closed","ping_status":"closed","template":"","meta":{"_seopress_robots_primary_cat":"","_seopress_titles_title":"","_seopress_titles_desc":"","_seopress_robots_index":"","footnotes":""},"class_list":["post-107","page","type-page","status-publish","hentry"],"_links":{"self":[{"href":"https:\/\/villalegrandlarge.fr\/mers\/wp-json\/wp\/v2\/pages\/107","targetHints":{"allow":["GET"]}}],"collection":[{"href":"https:\/\/villalegrandlarge.fr\/mers\/wp-json\/wp\/v2\/pages"}],"about":[{"href":"https:\/\/villalegrandlarge.fr\/mers\/wp-json\/wp\/v2\/types\/page"}],"author":[{"embeddable":true,"href":"https:\/\/villalegrandlarge.fr\/mers\/wp-json\/wp\/v2\/users\/1"}],"replies":[{"embeddable":true,"href":"https:\/\/villalegrandlarge.fr\/mers\/wp-json\/wp\/v2\/comments?post=107"}],"version-history":[{"count":30,"href":"https:\/\/villalegrandlarge.fr\/mers\/wp-json\/wp\/v2\/pages\/107\/revisions"}],"predecessor-version":[{"id":1387,"href":"https:\/\/villalegrandlarge.fr\/mers\/wp-json\/wp\/v2\/pages\/107\/revisions\/1387"}],"wp:attachment":[{"href":"https:\/\/villalegrandlarge.fr\/mers\/wp-json\/wp\/v2\/media?parent=107"}],"curies":[{"name":"wp","href":"https:\/\/api.w.org\/{rel}","templated":true}]}}