{"id":225,"date":"2022-04-05T17:40:24","date_gmt":"2022-04-05T15:40:24","guid":{"rendered":"https:\/\/villalegrandlarge.fr\/mers\/?page_id=225"},"modified":"2022-04-29T09:09:04","modified_gmt":"2022-04-29T07:09:04","slug":"plage-mers-les-bains","status":"publish","type":"page","link":"https:\/\/villalegrandlarge.fr\/mers\/region-normandie-baie-de-somme\/plage-mers-les-bains\/","title":{"rendered":"Mers-les-Bains"},"content":{"rendered":"<h1>Mers-les-Bains<\/h1>\n<p><img decoding=\"async\" class=\"alignleft size-medium wp-image-271\" src=\"https:\/\/villalegrandlarge.fr\/mers\/wp-content\/uploads\/villas-mers-les-bains-200x300.jpg\" alt=\"\" width=\"200\" height=\"300\" srcset=\"https:\/\/villalegrandlarge.fr\/mers\/wp-content\/uploads\/villas-mers-les-bains-200x300.jpg 200w, https:\/\/villalegrandlarge.fr\/mers\/wp-content\/uploads\/villas-mers-les-bains-100x150.jpg 100w, https:\/\/villalegrandlarge.fr\/mers\/wp-content\/uploads\/villas-mers-les-bains-768x1152.jpg 768w, https:\/\/villalegrandlarge.fr\/mers\/wp-content\/uploads\/villas-mers-les-bains-682x1024.jpg 682w, https:\/\/villalegrandlarge.fr\/mers\/wp-content\/uploads\/villas-mers-les-bains.jpg 933w\" sizes=\"(max-width: 200px) 100vw, 200px\" \/>Unique, le front de mer est une magnifique carte postale : la succession de villas \u00e0 l\u2019architecture Belle \u00e9poque est un joyau empreint de couleurs et de curiosit\u00e9s.<\/p>\n<p>Station Verte et Ville Ludique et Sportive class\u00e9e, la ville offre de nombreuses animations et de multiples commerces sur la \u00ab prairie \u00bb.<\/p>\n<p>L\u2019ambiance \u00ab vacances \u00e0 la plage \u00bb provient \u00e9galement des quelques 300 cabines install\u00e9es sur les galets de mai \u00e0 octobre. Le quartier baln\u00e9aire Mersois, class\u00e9 \u00ab Site Patrimonial Remarquable \u00bb (*), est une \u00ab carte de visite \u00bb exceptionnelle pour la station. Ses villas anciennes, h\u00e9ritage direct de la mode des bains de mer lanc\u00e9e d\u00e8s 1860, sont le reflet d\u2019un certain art de vivre et cela, d\u00e8s 1870\u2026<\/p>\n<p>Celles-ci t\u00e9moignent de nombreuses influences, \u00e0 la fois anglo-normande, flamande ou encore en lien avec l\u2019Art Nouveau ou Art Floral.<\/p>\n<p><strong>Une promenade architecturale \u00e0 suivre\u2026<\/strong><\/p>\n<p>Depuis 2020, une promenade architecturale est propos\u00e9e sous la forme d\u2019un parcours de plaques en lave \u00e9maill\u00e9e d\u00e9di\u00e9es chacune \u00e0 un architecte ayant \u0153uvr\u00e9 sur la commune, ceci en partenariat avec l\u2019association des Propri\u00e9taires (APRIM).<\/p>\n<p>L\u2019ensemble, qui repr\u00e9sente environ 600 parcelles pour 400 \u00e9difices d\u2019int\u00e9r\u00eat architectural reconnu, a pu \u00eatre conserv\u00e9 malgr\u00e9 les d\u00e9gradations de la seconde guerre mondiale.<\/p>\n<p>Aujourd\u2019hui, gr\u00e2ce \u00e0 une belle prise de conscience de nombre de propri\u00e9taires et d\u2019acteurs locaux visant \u00e0 les restaurer, remettre en peinture, en lien avec l\u2019Architecte des b\u00e2timents de France, les villas class\u00e9es Mersoises forment un ensemble de toute beaut\u00e9.<\/p>\n<p><strong>Toute l&rsquo;ann\u00e9e<br \/>\n<\/strong>March\u00e9s le Lundi et Jeudi toute l&rsquo;ann\u00e9e<\/p>\n<p><strong>En Juillet &#8211; Ao\u00fbt<br \/>\n<\/strong>March\u00e9 des producteurs locaux le Dimanche<br \/>\nMarch\u00e9 artisanal le Mercredi en nocturne<\/p>\n<div class=\"divider_padding\"><\/div>\n<div class=\"one_half\"><p class=\"center\"><a id=\"webcam\" href=\"https:\/\/app.webcam-hd.com\/mers-les-bains\/mers-les-bains_esplanade\" target=\"_blank\" class=\"button large primary no_woo_button\"><span><i class=\"theme-icon icon-calendar-check-o\" style=\"color:#ffffff\"><\/i>Webcam de Mers-les-Bains<\/span><\/a><\/p><\/div>\n<div class=\"one_half last\"><p class=\"center\"><a id=\"reserver-location-vacances\" href=\"https:\/\/www.merslesbains.fr\/station-meteo\/\" target=\"_blank\" class=\"button large primary no_woo_button\"><span><i class=\"theme-icon icon-calendar-check-o\" style=\"color:#ffffff\"><\/i>M\u00e9t\u00e9o locale en direct<\/span><\/a><\/p><\/div><div class=\"clearboth\"><\/div>\n\n\t\t\t<div id='gallery-225-7197-1' class='gallery gallery-225-7197-1'>\n\t\t\t\t\t<dl class='gallery-item col-3'>\n\t\t\t\t\t\t<dt class='gallery-icon gallery_image_1'><a href=\"https:\/\/villalegrandlarge.fr\/mers\/wp-content\/uploads\/falaise-craie-picardie-maritime.jpg\" class=\"lightbox image_icon_zoom gallery-image-wrap\" title=\"\" rel=\"image-gallery-group-225-881\" alt=\"\" data-fittoview=\"true\"><img decoding=\"async\" src=\"https:\/\/villalegrandlarge.fr\/mers\/wp-content\/uploads\/strikingr\/images\/257_falaise-craie-picardie-maritime-292x190.jpg\" alt=\"falaise-craie-picardie-maritime\" class=\"gallery-image theme-gallery-image attachment-medium\" width =\"292\" height =\"190\"  data-thumbnail=\"257\"  data-thumbnail-class=\"MjU3\"\/><\/a><\/dt>\n\t\t\t\t\t<\/dl>\n\t\t\t\t\t<dl class='gallery-item col-3'>\n\t\t\t\t\t\t<dt class='gallery-icon gallery_image_2'><a href=\"https:\/\/villalegrandlarge.fr\/mers\/wp-content\/uploads\/surf-coucher-soleil-mers.jpg\" class=\"lightbox image_icon_zoom gallery-image-wrap\" title=\"\" rel=\"image-gallery-group-225-881\" alt=\"\" data-fittoview=\"true\"><img decoding=\"async\" src=\"https:\/\/villalegrandlarge.fr\/mers\/wp-content\/uploads\/strikingr\/images\/267_surf-coucher-soleil-mers-292x190.jpg\" alt=\"surf-coucher-soleil-mers\" class=\"gallery-image theme-gallery-image attachment-medium\" width =\"292\" height =\"190\"  data-thumbnail=\"267\"  data-thumbnail-class=\"MjY3\"\/><\/a><\/dt>\n\t\t\t\t\t<\/dl>\n\t\t\t\t\t<dl class='gallery-item col-3'>\n\t\t\t\t\t\t<dt class='gallery-icon gallery_image_3'><a href=\"https:\/\/villalegrandlarge.fr\/mers\/wp-content\/uploads\/tennis-terre-battue-mers-les-bains.jpg\" class=\"lightbox image_icon_zoom gallery-image-wrap\" title=\"\" rel=\"image-gallery-group-225-881\" alt=\"\" data-fittoview=\"true\"><img decoding=\"async\" src=\"https:\/\/villalegrandlarge.fr\/mers\/wp-content\/uploads\/strikingr\/images\/268_tennis-terre-battue-mers-les-bains-292x190.jpg\" alt=\"tennis-terre-battue-mers-les-bains\" class=\"gallery-image theme-gallery-image attachment-medium\" width =\"292\" height =\"190\"  data-thumbnail=\"268\"  data-thumbnail-class=\"MjY4\"\/><\/a><\/dt>\n\t\t\t\t\t<\/dl>\n\t\t\t\t\t<dl class='gallery-item col-3'>\n\t\t\t\t\t\t<dt class='gallery-icon gallery_image_4'><a href=\"https:\/\/villalegrandlarge.fr\/mers\/wp-content\/uploads\/peche-fille-crevette-mers.jpg\" class=\"lightbox image_icon_zoom gallery-image-wrap\" title=\"\" rel=\"image-gallery-group-225-881\" alt=\"\" data-fittoview=\"true\"><img decoding=\"async\" src=\"https:\/\/villalegrandlarge.fr\/mers\/wp-content\/uploads\/strikingr\/images\/264_peche-fille-crevette-mers-292x190.jpg\" alt=\"peche-fille-crevette-mers\" class=\"gallery-image theme-gallery-image attachment-medium\" width =\"292\" height =\"190\"  data-thumbnail=\"264\"  data-thumbnail-class=\"MjY0\"\/><\/a><\/dt>\n\t\t\t\t\t<\/dl>\n\t\t\t\t\t<dl class='gallery-item col-3'>\n\t\t\t\t\t\t<dt class='gallery-icon gallery_image_5'><a href=\"https:\/\/villalegrandlarge.fr\/mers\/wp-content\/uploads\/directions-hauteur-le-treport.jpg\" class=\"lightbox image_icon_zoom gallery-image-wrap\" title=\"\" rel=\"image-gallery-group-225-881\" alt=\"\" data-fittoview=\"true\"><img decoding=\"async\" src=\"https:\/\/villalegrandlarge.fr\/mers\/wp-content\/uploads\/strikingr\/images\/254_directions-hauteur-le-treport-292x190.jpg\" alt=\"directions-hauteur-le-treport\" class=\"gallery-image theme-gallery-image attachment-medium\" width =\"292\" height =\"190\"  data-thumbnail=\"254\"  data-thumbnail-class=\"MjU0\"\/><\/a><\/dt>\n\t\t\t\t\t<\/dl>\n\t\t\t\t\t<dl class='gallery-item col-3'>\n\t\t\t\t\t\t<dt class='gallery-icon gallery_image_6'><a href=\"https:\/\/villalegrandlarge.fr\/mers\/wp-content\/uploads\/panorama-mers-les-bains-treport.jpg\" class=\"lightbox image_icon_zoom gallery-image-wrap\" title=\"\" rel=\"image-gallery-group-225-881\" alt=\"\" data-fittoview=\"true\"><img decoding=\"async\" src=\"https:\/\/villalegrandlarge.fr\/mers\/wp-content\/uploads\/strikingr\/images\/263_panorama-mers-les-bains-treport-292x190.jpg\" alt=\"panorama-mers-les-bains-treport\" class=\"gallery-image theme-gallery-image attachment-medium\" width =\"292\" height =\"190\"  data-thumbnail=\"263\"  data-thumbnail-class=\"MjYz\"\/><\/a><\/dt>\n\t\t\t\t\t<\/dl>\n\t\t\t\t\t<dl class='gallery-item col-3'>\n\t\t\t\t\t\t<dt class='gallery-icon gallery_image_7'><a href=\"https:\/\/villalegrandlarge.fr\/mers\/wp-content\/uploads\/falaise-mers-les-bains.jpg\" class=\"lightbox image_icon_zoom gallery-image-wrap\" title=\"\" rel=\"image-gallery-group-225-881\" alt=\"\" data-fittoview=\"true\"><img decoding=\"async\" src=\"https:\/\/villalegrandlarge.fr\/mers\/wp-content\/uploads\/strikingr\/images\/259_falaise-mers-les-bains-292x190.jpg\" alt=\"falaise-mers-les-bains\" class=\"gallery-image theme-gallery-image attachment-medium\" width =\"292\" height =\"190\"  data-thumbnail=\"259\"  data-thumbnail-class=\"MjU5\"\/><\/a><\/dt>\n\t\t\t\t\t<\/dl>\n\t\t\t\t\t<dl class='gallery-item col-3'>\n\t\t\t\t\t\t<dt class='gallery-icon gallery_image_8'><a href=\"https:\/\/villalegrandlarge.fr\/mers\/wp-content\/uploads\/falaise-mer-plage-sable.jpg\" class=\"lightbox image_icon_zoom gallery-image-wrap\" title=\"\" rel=\"image-gallery-group-225-881\" alt=\"\" data-fittoview=\"true\"><img decoding=\"async\" src=\"https:\/\/villalegrandlarge.fr\/mers\/wp-content\/uploads\/strikingr\/images\/258_falaise-mer-plage-sable-292x190.jpg\" alt=\"falaise-mer-plage-sable\" class=\"gallery-image theme-gallery-image attachment-medium\" width =\"292\" height =\"190\"  data-thumbnail=\"258\"  data-thumbnail-class=\"MjU4\"\/><\/a><\/dt>\n\t\t\t\t\t<\/dl>\n\t\t\t\t\t<dl class='gallery-item col-3'>\n\t\t\t\t\t\t<dt class='gallery-icon gallery_image_9'><a href=\"https:\/\/villalegrandlarge.fr\/mers\/wp-content\/uploads\/digue_mers01.jpg\" class=\"lightbox image_icon_zoom gallery-image-wrap\" title=\"\" rel=\"image-gallery-group-225-881\" alt=\"\" data-fittoview=\"true\"><img decoding=\"async\" src=\"https:\/\/villalegrandlarge.fr\/mers\/wp-content\/uploads\/strikingr\/images\/253_digue_mers01-292x190.jpg\" alt=\"digue_mers01\" class=\"gallery-image theme-gallery-image attachment-medium\" width =\"292\" height =\"190\"  data-thumbnail=\"253\"  data-thumbnail-class=\"MjUz\"\/><\/a><\/dt>\n\t\t\t\t\t<\/dl>\n\t\t\t\t\t<dl class='gallery-item col-3'>\n\t\t\t\t\t\t<dt class='gallery-icon gallery_image_10'><a href=\"https:\/\/villalegrandlarge.fr\/mers\/wp-content\/uploads\/coucher-soleil-ete-mers.jpg\" class=\"lightbox image_icon_zoom gallery-image-wrap\" title=\"\" rel=\"image-gallery-group-225-881\" alt=\"\" data-fittoview=\"true\"><img decoding=\"async\" src=\"https:\/\/villalegrandlarge.fr\/mers\/wp-content\/uploads\/strikingr\/images\/251_coucher-soleil-ete-mers-292x190.jpg\" alt=\"coucher-soleil-ete-mers\" class=\"gallery-image theme-gallery-image attachment-medium\" width =\"292\" height =\"190\"  data-thumbnail=\"251\"  data-thumbnail-class=\"MjUx\"\/><\/a><\/dt>\n\t\t\t\t\t<\/dl>\n\t\t\t\t\t<dl class='gallery-item col-3'>\n\t\t\t\t\t\t<dt class='gallery-icon gallery_image_11'><a href=\"https:\/\/villalegrandlarge.fr\/mers\/wp-content\/uploads\/cabine-coucher-soleil.jpg\" class=\"lightbox image_icon_zoom gallery-image-wrap\" title=\"\" rel=\"image-gallery-group-225-881\" alt=\"\" data-fittoview=\"true\"><img decoding=\"async\" src=\"https:\/\/villalegrandlarge.fr\/mers\/wp-content\/uploads\/strikingr\/images\/247_cabine-coucher-soleil-292x190.jpg\" alt=\"cabine-coucher-soleil\" class=\"gallery-image theme-gallery-image attachment-medium\" width =\"292\" height =\"190\"  data-thumbnail=\"247\"  data-thumbnail-class=\"MjQ3\"\/><\/a><\/dt>\n\t\t\t\t\t<\/dl>\n\t\t\t<\/div><!-- .gallery -->\n\n","protected":false},"excerpt":{"rendered":"<p>Mers-les-Bains Unique, le front de mer est une magnifique carte postale : la succession de villas \u00e0 l\u2019architecture Belle \u00e9poque est un joyau empreint de couleurs et de curiosit\u00e9s. Station Verte et Ville Ludique et Sportive class\u00e9e, la ville offre de nombreuses animations et de multiples commerces sur la \u00ab prairie \u00bb. L\u2019ambiance \u00ab vacances &#8230;<\/p>\n","protected":false},"author":1,"featured_media":0,"parent":167,"menu_order":3,"comment_status":"closed","ping_status":"closed","template":"","meta":{"footnotes":""},"class_list":["post-225","page","type-page","status-publish","hentry"],"_links":{"self":[{"href":"https:\/\/villalegrandlarge.fr\/mers\/wp-json\/wp\/v2\/pages\/225","targetHints":{"allow":["GET"]}}],"collection":[{"href":"https:\/\/villalegrandlarge.fr\/mers\/wp-json\/wp\/v2\/pages"}],"about":[{"href":"https:\/\/villalegrandlarge.fr\/mers\/wp-json\/wp\/v2\/types\/page"}],"author":[{"embeddable":true,"href":"https:\/\/villalegrandlarge.fr\/mers\/wp-json\/wp\/v2\/users\/1"}],"replies":[{"embeddable":true,"href":"https:\/\/villalegrandlarge.fr\/mers\/wp-json\/wp\/v2\/comments?post=225"}],"version-history":[{"count":16,"href":"https:\/\/villalegrandlarge.fr\/mers\/wp-json\/wp\/v2\/pages\/225\/revisions"}],"predecessor-version":[{"id":584,"href":"https:\/\/villalegrandlarge.fr\/mers\/wp-json\/wp\/v2\/pages\/225\/revisions\/584"}],"up":[{"embeddable":true,"href":"https:\/\/villalegrandlarge.fr\/mers\/wp-json\/wp\/v2\/pages\/167"}],"wp:attachment":[{"href":"https:\/\/villalegrandlarge.fr\/mers\/wp-json\/wp\/v2\/media?parent=225"}],"curies":[{"name":"wp","href":"https:\/\/api.w.org\/{rel}","templated":true}]}}