{"id":394,"date":"2022-04-12T10:56:30","date_gmt":"2022-04-12T08:56:30","guid":{"rendered":"https:\/\/villalegrandlarge.fr\/mers\/?page_id=394"},"modified":"2022-04-29T17:19:01","modified_gmt":"2022-04-29T15:19:01","slug":"treport-port-peche-normandie","status":"publish","type":"page","link":"https:\/\/villalegrandlarge.fr\/mers\/region-normandie-baie-de-somme\/treport-port-peche-normandie\/","title":{"rendered":"Le Tr\u00e9port"},"content":{"rendered":"<h1>Le Tr\u00e9port, l&rsquo;authentique cit\u00e9 portuaire<\/h1>\n<p><img decoding=\"async\" class=\"alignleft wp-image-245 size-medium\" src=\"https:\/\/villalegrandlarge.fr\/mers\/wp-content\/uploads\/balade-le-treport-200x300.jpg\" alt=\"\" width=\"200\" height=\"300\" srcset=\"https:\/\/villalegrandlarge.fr\/mers\/wp-content\/uploads\/balade-le-treport-200x300.jpg 200w, https:\/\/villalegrandlarge.fr\/mers\/wp-content\/uploads\/balade-le-treport-100x150.jpg 100w, https:\/\/villalegrandlarge.fr\/mers\/wp-content\/uploads\/balade-le-treport-768x1152.jpg 768w, https:\/\/villalegrandlarge.fr\/mers\/wp-content\/uploads\/balade-le-treport-682x1024.jpg 682w, https:\/\/villalegrandlarge.fr\/mers\/wp-content\/uploads\/balade-le-treport.jpg 933w\" sizes=\"(max-width: 200px) 100vw, 200px\" \/>Port de p\u00eache anim\u00e9, Le Tr\u00e9port est devenu l\u2019une des stations les plus attachantes de la C\u00f4te Normande.<\/p>\n<p>Les bains de mer et les journ\u00e9es \u00e0 la mer ont toujours attir\u00e9 de nombreux vacanciers. L\u2019animation naturelle cr\u00e9\u00e9e par les mouvements des bateaux de p\u00eache, de commerce ou de plaisance, compl\u00e8te les nombreuses festivit\u00e9s qui se d\u00e9roulent tout au long de l\u2019ann\u00e9e. Le casino sur la plage, le Quartier des Cordiers, la mont\u00e9e en funiculaire \u00e0 travers les vo\u00fbtes en briques, et le panorama exceptionnel du haut des falaises ne vous laisseront pas indiff\u00e9rent.<\/p>\n<h3><strong>Une ville rythm\u00e9e par la mer<\/strong><\/h3>\n<p>Derni\u00e8re ville du littoral de la Seine-Maritime, Le Tr\u00e9port vous plonge dans une ambiance de d\u00e9couverte totale. Entre patrimoine et nature majestueuse d\u00fb \u00e0 ses falaises de craie, la petite ville maritime \u00e0 tant \u00e0 vous faire d\u00e9couvrir !<\/p>\n<p>Promenez-vous le long des quais et observez le va-et-vient des bateaux de p\u00eache partant en mer avant de revenir les cales pleines de poissons. Sur votre chemin, prenez le temps d\u2019observer les bateaux passer par l\u2019\u00e9cluse \u00e0 mar\u00e9e haute. Poursuivez jusqu\u2019\u00e0 la poissonnerie municipale, l\u00e0, au gr\u00e9 des saisons les \u00e9tals vous proposent des poissons issus de la p\u00eache locale. Plus loin, le phare vous invite \u00e0 porter votre regard sur l\u2019horizon qui s\u2019\u00e9tend face \u00e0 vous.<\/p>\n<h3><strong>La plage et ses activit\u00e9s<\/strong><\/h3>\n<p>Anim\u00e9e tout au long de l\u2019ann\u00e9e, la plage et ses cabines aux toits color\u00e9s (pr\u00e9sentes de mai \u00e0 octobre) sont la bonne occasion de buller pendant votre s\u00e9jour. A proximit\u00e9 : le casino et son cin\u00e9ma pour vous assurer une soir\u00e9e festive, l\u2019aire de jeux et le Carrousel 1900 sauront satisfaire les plus jeunes, enfin les restaurants \u00e0 proximit\u00e9 sauront mettre tous les gourmands d\u2019accord !<\/p>\n<div class=\"divider_padding\"><\/div>\n<div class=\"one_half\"><p class=\"center\"><a id=\"webcam\" href=\"https:\/\/www.youtube.com\/embed\/byGtK4pU3jI?autoplay=1&#038;mute=1\" target=\"_blank\" class=\"button large primary no_woo_button\"><span><i class=\"theme-icon icon-calendar-check-o\" style=\"color:#ffffff\"><\/i>Webcam de Le Tr\u00e9port<\/span><\/a><\/p><\/div>\n\n\t\t\t<div id='gallery-394-8593-1' class='gallery gallery-394-8593-1'>\n\t\t\t\t\t<dl class='gallery-item col-2'>\n\t\t\t\t\t\t<dt class='gallery-icon gallery_image_1'><a href=\"https:\/\/villalegrandlarge.fr\/mers\/wp-content\/uploads\/port-peche-le-treport.jpg\" class=\"lightbox image_icon_zoom gallery-image-wrap\" title=\"\" rel=\"image-gallery-group-394-968\" alt=\"\" data-fittoview=\"true\"><img decoding=\"async\" src=\"https:\/\/villalegrandlarge.fr\/mers\/wp-content\/uploads\/strikingr\/images\/266_port-peche-le-treport-292x190.jpg\" alt=\"port-peche-le-treport\" class=\"gallery-image theme-gallery-image attachment-medium\" width =\"292\" height =\"190\"  data-thumbnail=\"266\"  data-thumbnail-class=\"MjY2\"\/><\/a><\/dt>\n\t\t\t\t\t<\/dl>\n\t\t\t\t\t<dl class='gallery-item col-2'>\n\t\t\t\t\t\t<dt class='gallery-icon gallery_image_2'><a href=\"https:\/\/villalegrandlarge.fr\/mers\/wp-content\/uploads\/phare-le-treport.jpg\" class=\"lightbox image_icon_zoom gallery-image-wrap\" title=\"\" rel=\"image-gallery-group-394-968\" alt=\"\" data-fittoview=\"true\"><img decoding=\"async\" src=\"https:\/\/villalegrandlarge.fr\/mers\/wp-content\/uploads\/strikingr\/images\/265_phare-le-treport-292x190.jpg\" alt=\"phare-le-treport\" class=\"gallery-image theme-gallery-image attachment-medium\" width =\"292\" height =\"190\"  data-thumbnail=\"265\"  data-thumbnail-class=\"MjY1\"\/><\/a><\/dt>\n\t\t\t\t\t<\/dl>\n\t\t\t\t\t<dl class='gallery-item col-2'>\n\t\t\t\t\t\t<dt class='gallery-icon gallery_image_3'><a href=\"https:\/\/villalegrandlarge.fr\/mers\/wp-content\/uploads\/funiculaire-le-treport-terrasse-76.jpg\" class=\"lightbox image_icon_zoom gallery-image-wrap\" title=\"\" rel=\"image-gallery-group-394-968\" alt=\"\" data-fittoview=\"true\"><img decoding=\"async\" src=\"https:\/\/villalegrandlarge.fr\/mers\/wp-content\/uploads\/strikingr\/images\/260_funiculaire-le-treport-terrasse-76-292x190.jpg\" alt=\"funiculaire-le-treport-terrasse-76\" class=\"gallery-image theme-gallery-image attachment-medium\" width =\"292\" height =\"190\"  data-thumbnail=\"260\"  data-thumbnail-class=\"MjYw\"\/><\/a><\/dt>\n\t\t\t\t\t<\/dl>\n\t\t\t\t\t<dl class='gallery-item col-2'>\n\t\t\t\t\t\t<dt class='gallery-icon gallery_image_4'><a href=\"https:\/\/villalegrandlarge.fr\/mers\/wp-content\/uploads\/digue_mers01.jpg\" class=\"lightbox image_icon_zoom gallery-image-wrap\" title=\"\" rel=\"image-gallery-group-394-968\" alt=\"\" data-fittoview=\"true\"><img decoding=\"async\" src=\"https:\/\/villalegrandlarge.fr\/mers\/wp-content\/uploads\/strikingr\/images\/253_digue_mers01-292x190.jpg\" alt=\"digue_mers01\" class=\"gallery-image theme-gallery-image attachment-medium\" width =\"292\" height =\"190\"  data-thumbnail=\"253\"  data-thumbnail-class=\"MjUz\"\/><\/a><\/dt>\n\t\t\t\t\t<\/dl>\n\t\t\t<\/div><!-- .gallery -->\n\n<p>&nbsp;<\/p>\n","protected":false},"excerpt":{"rendered":"<p>Le Tr\u00e9port, l&rsquo;authentique cit\u00e9 portuaire Port de p\u00eache anim\u00e9, Le Tr\u00e9port est devenu l\u2019une des stations les plus attachantes de la C\u00f4te Normande. Les bains de mer et les journ\u00e9es \u00e0 la mer ont toujours attir\u00e9 de nombreux vacanciers. L\u2019animation naturelle cr\u00e9\u00e9e par les mouvements des bateaux de p\u00eache, de commerce ou de plaisance, compl\u00e8te &#8230;<\/p>\n","protected":false},"author":2,"featured_media":329,"parent":167,"menu_order":4,"comment_status":"closed","ping_status":"closed","template":"","meta":{"footnotes":""},"class_list":["post-394","page","type-page","status-publish","has-post-thumbnail","hentry"],"_links":{"self":[{"href":"https:\/\/villalegrandlarge.fr\/mers\/wp-json\/wp\/v2\/pages\/394","targetHints":{"allow":["GET"]}}],"collection":[{"href":"https:\/\/villalegrandlarge.fr\/mers\/wp-json\/wp\/v2\/pages"}],"about":[{"href":"https:\/\/villalegrandlarge.fr\/mers\/wp-json\/wp\/v2\/types\/page"}],"author":[{"embeddable":true,"href":"https:\/\/villalegrandlarge.fr\/mers\/wp-json\/wp\/v2\/users\/2"}],"replies":[{"embeddable":true,"href":"https:\/\/villalegrandlarge.fr\/mers\/wp-json\/wp\/v2\/comments?post=394"}],"version-history":[{"count":9,"href":"https:\/\/villalegrandlarge.fr\/mers\/wp-json\/wp\/v2\/pages\/394\/revisions"}],"predecessor-version":[{"id":651,"href":"https:\/\/villalegrandlarge.fr\/mers\/wp-json\/wp\/v2\/pages\/394\/revisions\/651"}],"up":[{"embeddable":true,"href":"https:\/\/villalegrandlarge.fr\/mers\/wp-json\/wp\/v2\/pages\/167"}],"wp:featuredmedia":[{"embeddable":true,"href":"https:\/\/villalegrandlarge.fr\/mers\/wp-json\/wp\/v2\/media\/329"}],"wp:attachment":[{"href":"https:\/\/villalegrandlarge.fr\/mers\/wp-json\/wp\/v2\/media?parent=394"}],"curies":[{"name":"wp","href":"https:\/\/api.w.org\/{rel}","templated":true}]}}