{"id":981,"date":"2025-05-08T11:06:44","date_gmt":"2025-05-08T09:06:44","guid":{"rendered":"https:\/\/villalegrandlarge.fr\/mers\/?page_id=981"},"modified":"2025-08-09T15:52:37","modified_gmt":"2025-08-09T13:52:37","slug":"avis-et-retours-clients","status":"publish","type":"page","link":"https:\/\/villalegrandlarge.fr\/mers\/avis-et-retours-clients\/","title":{"rendered":"Avis et retours clients"},"content":{"rendered":"<h1>Avis et retours clients<\/h1>\n<div class=\"wpforms-container wpforms-container-full\" id=\"wpforms-976\"><form id=\"wpforms-form-976\" class=\"wpforms-validate wpforms-form wpforms-ajax-form\" data-formid=\"976\" method=\"post\" enctype=\"multipart\/form-data\" action=\"\/mers\/wp-json\/wp\/v2\/pages\/981\" data-token=\"a995fe2a28f4f5d86fd5f3df5fda62b4\" data-token-time=\"1776567976\"><noscript class=\"wpforms-error-noscript\">Veuillez activer JavaScript dans votre navigateur pour remplir ce formulaire.<\/noscript><div class=\"wpforms-field-container\"><div id=\"wpforms-976-field_2-container\" class=\"wpforms-field wpforms-field-text\" data-field-id=\"2\"><label class=\"wpforms-field-label\" for=\"wpforms-976-field_2\">Nom et Pr\u00e9nom :<\/label><input type=\"text\" id=\"wpforms-976-field_2\" class=\"wpforms-field-medium\" name=\"wpforms[fields][2]\" ><\/div><div id=\"wpforms-976-field_3-container\" class=\"wpforms-field wpforms-field-email\" data-field-id=\"3\"><label class=\"wpforms-field-label\" for=\"wpforms-976-field_3\">E-mail :<\/label><input type=\"email\" id=\"wpforms-976-field_3\" class=\"wpforms-field-medium\" name=\"wpforms[fields][3]\" spellcheck=\"false\" ><\/div><div id=\"wpforms-976-field_25-container\" class=\"wpforms-field wpforms-field-select wpforms-field-select-style-classic\" data-field-id=\"25\"><label class=\"wpforms-field-label\" for=\"wpforms-976-field_25\">Comment avez-vous connu notre Villa?<\/label><select id=\"wpforms-976-field_25\" class=\"wpforms-field-medium\" name=\"wpforms[fields][25]\"><option value=\"Le site internet\"  class=\"choice-1 depth-1\"  >Le site internet<\/option><option value=\"Recherche internet\"  class=\"choice-6 depth-1\"  >Recherche internet<\/option><option value=\"Bouche \u00e0 oreille\"  class=\"choice-2 depth-1\"  >Bouche \u00e0 oreille<\/option><option value=\"Booking.com\"  class=\"choice-3 depth-1\"  >Booking.com<\/option><option value=\"Airbnb\"  class=\"choice-4 depth-1\"  >Airbnb<\/option><option value=\"Autre\"  class=\"choice-5 depth-1\"  >Autre<\/option><\/select><\/div><div id=\"wpforms-976-field_26-container\" class=\"wpforms-field wpforms-field-text\" data-field-id=\"26\"><label class=\"wpforms-field-label\" for=\"wpforms-976-field_26\">Si &quot;Autre&quot; merci de pr\u00e9ciser.<\/label><input type=\"text\" id=\"wpforms-976-field_26\" class=\"wpforms-field-medium\" name=\"wpforms[fields][26]\" ><\/div><div id=\"wpforms-976-field_17-container\" class=\"wpforms-field wpforms-field-number-slider\" data-field-id=\"17\"><label class=\"wpforms-field-label\" for=\"wpforms-976-field_17\">Accueil<\/label>\n<input\n\ttype=\"range\"\n\tid=\"wpforms-976-field_17\" class=\"wpforms-field-medium\" name=\"wpforms[fields][17]\" value=\"0\"\t\tmin=\"0\"\n\tmax=\"10\"\n\tstep=\"1\">\n\n<div class=\"wpforms-field-number-slider-hint\"\n\tdata-hint=\"Valeur s\u00e9lectionn\u00e9e\u00a0: {value}\">\n\tValeur s\u00e9lectionn\u00e9e\u00a0: <b>0<\/b><\/div>\n<\/div><div id=\"wpforms-976-field_18-container\" class=\"wpforms-field wpforms-field-number-slider\" data-field-id=\"18\"><label class=\"wpforms-field-label\" for=\"wpforms-976-field_18\">Propret\u00e9<\/label>\n<input\n\ttype=\"range\"\n\tid=\"wpforms-976-field_18\" class=\"wpforms-field-medium\" name=\"wpforms[fields][18]\" value=\"0\"\t\tmin=\"0\"\n\tmax=\"10\"\n\tstep=\"1\">\n\n<div class=\"wpforms-field-number-slider-hint\"\n\tdata-hint=\"Valeur s\u00e9lectionn\u00e9e\u00a0: {value}\">\n\tValeur s\u00e9lectionn\u00e9e\u00a0: <b>0<\/b><\/div>\n<\/div><div id=\"wpforms-976-field_19-container\" class=\"wpforms-field wpforms-field-number-slider\" data-field-id=\"19\"><label class=\"wpforms-field-label\" for=\"wpforms-976-field_19\">Emplacement<\/label>\n<input\n\ttype=\"range\"\n\tid=\"wpforms-976-field_19\" class=\"wpforms-field-medium\" name=\"wpforms[fields][19]\" value=\"0\"\t\tmin=\"0\"\n\tmax=\"10\"\n\tstep=\"1\">\n\n<div class=\"wpforms-field-number-slider-hint\"\n\tdata-hint=\"Valeur s\u00e9lectionn\u00e9e\u00a0: {value}\">\n\tValeur s\u00e9lectionn\u00e9e\u00a0: <b>0<\/b><\/div>\n<\/div><div id=\"wpforms-976-field_20-container\" class=\"wpforms-field wpforms-field-number-slider\" data-field-id=\"20\"><label class=\"wpforms-field-label\" for=\"wpforms-976-field_20\">Personnel<\/label>\n<input\n\ttype=\"range\"\n\tid=\"wpforms-976-field_20\" class=\"wpforms-field-medium\" name=\"wpforms[fields][20]\" value=\"0\"\t\tmin=\"0\"\n\tmax=\"10\"\n\tstep=\"1\">\n\n<div class=\"wpforms-field-number-slider-hint\"\n\tdata-hint=\"Valeur s\u00e9lectionn\u00e9e\u00a0: {value}\">\n\tValeur s\u00e9lectionn\u00e9e\u00a0: <b>0<\/b><\/div>\n<\/div><div id=\"wpforms-976-field_21-container\" class=\"wpforms-field wpforms-field-number-slider\" data-field-id=\"21\"><label class=\"wpforms-field-label\" for=\"wpforms-976-field_21\">Confort<\/label>\n<input\n\ttype=\"range\"\n\tid=\"wpforms-976-field_21\" class=\"wpforms-field-medium\" name=\"wpforms[fields][21]\" value=\"0\"\t\tmin=\"0\"\n\tmax=\"10\"\n\tstep=\"1\">\n\n<div class=\"wpforms-field-number-slider-hint\"\n\tdata-hint=\"Valeur s\u00e9lectionn\u00e9e\u00a0: {value}\">\n\tValeur s\u00e9lectionn\u00e9e\u00a0: <b>0<\/b><\/div>\n<\/div><div id=\"wpforms-976-field_22-container\" class=\"wpforms-field wpforms-field-number-slider\" data-field-id=\"22\"><label class=\"wpforms-field-label\" for=\"wpforms-976-field_22\">\u00c9quipements<\/label>\n<input\n\ttype=\"range\"\n\tid=\"wpforms-976-field_22\" class=\"wpforms-field-medium\" name=\"wpforms[fields][22]\" value=\"0\"\t\tmin=\"0\"\n\tmax=\"10\"\n\tstep=\"1\">\n\n<div class=\"wpforms-field-number-slider-hint\"\n\tdata-hint=\"Valeur s\u00e9lectionn\u00e9e\u00a0: {value}\">\n\tValeur s\u00e9lectionn\u00e9e\u00a0: <b>0<\/b><\/div>\n<\/div><div id=\"wpforms-976-field_23-container\" class=\"wpforms-field wpforms-field-number-slider\" data-field-id=\"23\"><label class=\"wpforms-field-label\" for=\"wpforms-976-field_23\">Rapport qualit\u00e9\/prix<\/label>\n<input\n\ttype=\"range\"\n\tid=\"wpforms-976-field_23\" class=\"wpforms-field-medium\" name=\"wpforms[fields][23]\" value=\"0\"\t\tmin=\"0\"\n\tmax=\"10\"\n\tstep=\"1\">\n\n<div class=\"wpforms-field-number-slider-hint\"\n\tdata-hint=\"Valeur s\u00e9lectionn\u00e9e\u00a0: {value}\">\n\tValeur s\u00e9lectionn\u00e9e\u00a0: <b>0<\/b><\/div>\n<\/div><div id=\"wpforms-976-field_9-container\" class=\"wpforms-field wpforms-field-textarea\" data-field-id=\"9\"><label class=\"wpforms-field-label\" for=\"wpforms-976-field_9\">Commentaires Clients<\/label><textarea id=\"wpforms-976-field_9\" class=\"wpforms-field-medium\" name=\"wpforms[fields][9]\" ><\/textarea><\/div><div id=\"wpforms-976-field_13-container\" class=\"wpforms-field wpforms-field-gdpr-checkbox\" data-field-id=\"13\"><label class=\"wpforms-field-label\">Accord RGPD <span class=\"wpforms-required-label\">*<\/span><\/label><ul id=\"wpforms-976-field_13\" class=\"wpforms-field-required\"><li class=\"choice-1\"><input type=\"checkbox\" id=\"wpforms-976-field_13_1\" name=\"wpforms[fields][13][]\" value=\"Je consens \u00e0 ce que ce site stocke mes informations envoy\u00e9es afin qu\u2019ils puissent r\u00e9pondre \u00e0 ma requ\u00eate.\" required ><label class=\"wpforms-field-label-inline\" for=\"wpforms-976-field_13_1\">Je consens \u00e0 ce que ce site stocke mes informations envoy\u00e9es afin qu\u2019ils puissent r\u00e9pondre \u00e0 ma requ\u00eate.<\/label><\/li><\/ul><\/div><\/div><!-- .wpforms-field-container --><div class=\"wpforms-recaptcha-container wpforms-is-recaptcha wpforms-is-recaptcha-type-v3\" ><input type=\"hidden\" name=\"wpforms[recaptcha]\" value=\"\"><\/div><div class=\"wpforms-submit-container\" ><input type=\"hidden\" name=\"wpforms[id]\" value=\"976\"><input type=\"hidden\" name=\"page_title\" value=\"\"><input type=\"hidden\" name=\"page_url\" value=\"https:\/\/villalegrandlarge.fr\/mers\/wp-json\/wp\/v2\/pages\/981\"><input type=\"hidden\" name=\"url_referer\" value=\"\"><button type=\"submit\" name=\"wpforms[submit]\" id=\"wpforms-submit-976\" class=\"wpforms-submit\" data-alt-text=\"Envoi...\" data-submit-text=\"Envoyer\" aria-live=\"assertive\" value=\"wpforms-submit\">Envoyer<\/button><img decoding=\"async\" src=\"https:\/\/villalegrandlarge.fr\/mers\/wp-content\/plugins\/wpforms-lite\/assets\/images\/submit-spin.svg\" class=\"wpforms-submit-spinner\" style=\"display: none;\" width=\"26\" height=\"26\" alt=\"Chargement en cours\"><\/div><\/form><\/div>  <!-- .wpforms-container -->\n<p><em>Le destinataire des donn\u00e9es est Olivier Pouilly.<\/em><\/p>\n<p><em>Conform\u00e9ment \u00e0 la loi \u00ab informatique et libert\u00e9s \u00bb du 6 janvier 1978 modifi\u00e9e en 2004, vous b\u00e9n\u00e9ficiez d\u2019un droit d\u2019acc\u00e8s et de rectification aux informations qui vous concernent, que vous pouvez exercer en vous adressant \u00e0 La villa le grand large \u2013 Olivier Pouilly via le formulaire ci-dessus.<\/em><\/p>\n<p><em>Vous pouvez \u00e9galement, pour des motifs l\u00e9gitimes, vous opposer au traitement des donn\u00e9es vous concernant. <a href=\"https:\/\/villalegrandlarge.fr\/mers\/politique-de-confidentialite\/\" target=\"_blank\" rel=\"noopener\">Voir la politique de confidentialit\u00e9<\/a>.<br \/>\n<\/em><\/p>\n<p><em>Merci de votre compr\u00e9hension.<\/em><\/p>\n<p><em><strong>Suivez-nous sur les r\u00e9seaux sociaux<\/strong><\/em><\/p>\n<p>&nbsp;<\/p>\n<p><a href=\"https:\/\/wa.me\/message\/7QR5QGVCOHVKD1\" target=\"_blank\" rel=\"noopener\"><img decoding=\"async\" class=\"alignleft wp-image-1125\" src=\"https:\/\/villalegrandlarge.fr\/mers\/wp-content\/uploads\/whatsapp-120.png\" alt=\"whatsapp\" width=\"40\" height=\"40\" \/><\/a><\/p>\n<p><a href=\"https:\/\/www.instagram.com\/la_villa_le_grand_large\/\" target=\"_blank\" rel=\"noopener\"><img decoding=\"async\" class=\"alignleft wp-image-383\" src=\"https:\/\/villalegrandlarge.fr\/mers\/wp-content\/uploads\/instagram-villa-legrandlarge.png\" alt=\"\" width=\"40\" height=\"40\" \/><\/a><a href=\"https:\/\/www.facebook.com\/villalegrandlarge\" target=\"_blank\" rel=\"noopener\"><img decoding=\"async\" class=\"alignleft wp-image-382\" src=\"https:\/\/villalegrandlarge.fr\/mers\/wp-content\/uploads\/facebook-villa-legrandlarge.png\" alt=\"\" width=\"40\" height=\"40\" \/><\/a><\/p>\n","protected":false},"excerpt":{"rendered":"<p>Avis et retours clients Le destinataire des donn\u00e9es est Olivier Pouilly. Conform\u00e9ment \u00e0 la loi \u00ab informatique et libert\u00e9s \u00bb du 6 janvier 1978 modifi\u00e9e en 2004, vous b\u00e9n\u00e9ficiez d\u2019un droit d\u2019acc\u00e8s et de rectification aux informations qui vous concernent, que vous pouvez exercer en vous adressant \u00e0 La villa le grand large \u2013 Olivier &#8230;<\/p>\n","protected":false},"author":1,"featured_media":0,"parent":0,"menu_order":9,"comment_status":"closed","ping_status":"closed","template":"","meta":{"footnotes":""},"class_list":["post-981","page","type-page","status-publish","hentry"],"_links":{"self":[{"href":"https:\/\/villalegrandlarge.fr\/mers\/wp-json\/wp\/v2\/pages\/981","targetHints":{"allow":["GET"]}}],"collection":[{"href":"https:\/\/villalegrandlarge.fr\/mers\/wp-json\/wp\/v2\/pages"}],"about":[{"href":"https:\/\/villalegrandlarge.fr\/mers\/wp-json\/wp\/v2\/types\/page"}],"author":[{"embeddable":true,"href":"https:\/\/villalegrandlarge.fr\/mers\/wp-json\/wp\/v2\/users\/1"}],"replies":[{"embeddable":true,"href":"https:\/\/villalegrandlarge.fr\/mers\/wp-json\/wp\/v2\/comments?post=981"}],"version-history":[{"count":8,"href":"https:\/\/villalegrandlarge.fr\/mers\/wp-json\/wp\/v2\/pages\/981\/revisions"}],"predecessor-version":[{"id":1130,"href":"https:\/\/villalegrandlarge.fr\/mers\/wp-json\/wp\/v2\/pages\/981\/revisions\/1130"}],"wp:attachment":[{"href":"https:\/\/villalegrandlarge.fr\/mers\/wp-json\/wp\/v2\/media?parent=981"}],"curies":[{"name":"wp","href":"https:\/\/api.w.org\/{rel}","templated":true}]}}